{"id":6417,"date":"2025-05-14T13:59:54","date_gmt":"2025-05-14T16:59:54","guid":{"rendered":"https:\/\/koria.com.br\/?post_type=produto&#038;p=6417"},"modified":"2025-05-14T13:59:54","modified_gmt":"2025-05-14T16:59:54","slug":"tunel-de-cura-uv-led","status":"publish","type":"produto","link":"https:\/\/koria.com.br\/es\/produto\/tunel-de-cura-uv-led\/","title":{"rendered":"T\u00fanel de curado UV LED"},"content":{"rendered":"<p>Las piezas que antes eran dif\u00edciles de secar ahora pueden someterse a un tratamiento ultrarr\u00e1pido, con reactividad inmediata a la luz ultravioleta proporcionada por los m\u00f3dulos LED. Esta tecnolog\u00eda reduce el espacio de almacenamiento, minimiza el tiempo de inactividad de la l\u00ednea y, a la vez, aumenta la productividad hasta en 80%.<\/p>\n<p><strong>Beneficios principales<\/strong><\/p>\n<ul>\n<li><strong>Secado en segundos:<\/strong> Las l\u00e1mparas LED UV promueven el curado instant\u00e1neo del recubrimiento, eliminando largos tiempos de espera.<\/li>\n<li><strong>Econom\u00eda energ\u00e9tica:<\/strong> El sistema LED consume menos energ\u00eda en comparaci\u00f3n con los procesos de curado t\u00e9rmico convencionales o las l\u00e1mparas UV tradicionales.<\/li>\n<li><strong>Espacio de secado m\u00e1s peque\u00f1o:<\/strong> Al sustituir extensas \u00e1reas de invernadero por un t\u00fanel compacto, se libera espacio valioso en la planta de producci\u00f3n.<\/li>\n<li><strong>Uso vers\u00e1til:<\/strong> Disponible en configuraciones adaptables, el t\u00fanel puede insertarse en l\u00edneas manuales o autom\u00e1ticas, seg\u00fan las necesidades del proceso.<\/li>\n<li><strong>Alto acabado:<\/strong> La luz LED UV promueve el curado de adentro hacia afuera, dando como resultado superficies m\u00e1s uniformes y resistentes.<\/li>\n<li>Mayor espesor de pintura en comparaci\u00f3n con los m\u00e9todos de pintura tradicionales.<\/li>\n<li>Proceso sustentable, eliminando el uso de disolventes y la emisi\u00f3n de COV\u2019s.<\/li>\n<\/ul>\n<p>&nbsp;<\/p>\n<p><strong>Variaciones y personalizaciones<\/strong><\/p>\n<p>Dimensiones personalizadas para su negocio<\/p>\n<p>&nbsp;<\/p>","protected":false},"excerpt":{"rendered":"<p>El t\u00fanel de curado LED UV proporciona una soluci\u00f3n revolucionaria para los procesos de acabado y secado, garantizando velocidad y alta eficiencia energ\u00e9tica.<\/p>","protected":false},"featured_media":5277,"template":"","meta":{"_acf_changed":false,"inline_featured_image":false},"solucao":[50,101],"marca":[],"categoria":[],"parceiro":[],"processo":[43],"segmento":[],"class_list":["post-6417","produto","type-produto","status-publish","has-post-thumbnail","hentry","solucao-maquinas","solucao-secagem-ou-cura","processo-pintura"],"acf":[],"_links":{"self":[{"href":"https:\/\/koria.com.br\/es\/wp-json\/wp\/v2\/produto\/6417","targetHints":{"allow":["GET"]}}],"collection":[{"href":"https:\/\/koria.com.br\/es\/wp-json\/wp\/v2\/produto"}],"about":[{"href":"https:\/\/koria.com.br\/es\/wp-json\/wp\/v2\/types\/produto"}],"wp:featuredmedia":[{"embeddable":true,"href":"https:\/\/koria.com.br\/es\/wp-json\/wp\/v2\/media\/5277"}],"wp:attachment":[{"href":"https:\/\/koria.com.br\/es\/wp-json\/wp\/v2\/media?parent=6417"}],"wp:term":[{"taxonomy":"solucao","embeddable":true,"href":"https:\/\/koria.com.br\/es\/wp-json\/wp\/v2\/solucao?post=6417"},{"taxonomy":"marca","embeddable":true,"href":"https:\/\/koria.com.br\/es\/wp-json\/wp\/v2\/marca?post=6417"},{"taxonomy":"categoria","embeddable":true,"href":"https:\/\/koria.com.br\/es\/wp-json\/wp\/v2\/categoria?post=6417"},{"taxonomy":"parceiro","embeddable":true,"href":"https:\/\/koria.com.br\/es\/wp-json\/wp\/v2\/parceiro?post=6417"},{"taxonomy":"processo","embeddable":true,"href":"https:\/\/koria.com.br\/es\/wp-json\/wp\/v2\/processo?post=6417"},{"taxonomy":"segmento","embeddable":true,"href":"https:\/\/koria.com.br\/es\/wp-json\/wp\/v2\/segmento?post=6417"}],"curies":[{"name":"gracias","href":"https:\/\/api.w.org\/{rel}","templated":true}]}}

Túnel de curado UV LED

<p>Las piezas que antes eran difíciles de secar ahora pueden someterse a un tratamiento ultrarrápido, con reactividad inmediata a la luz ultravioleta proporcionada por los módulos LED. Esta tecnología reduce el espacio de almacenamiento, minimiza el tiempo de inactividad de la línea y, a la vez, aumenta la productividad hasta en 80%.</p>
<p><strong>Beneficios principales</strong></p>
<ul>
<li><strong>Secado en segundos:</strong> Las lámparas LED UV promueven el curado instantáneo del recubrimiento, eliminando largos tiempos de espera.</li>
<li><strong>Economía energética:</strong> El sistema LED consume menos energía en comparación con los procesos de curado térmico convencionales o las lámparas UV tradicionales.</li>
<li><strong>Espacio de secado más pequeño:</strong> Al sustituir extensas áreas de invernadero por un túnel compacto, se libera espacio valioso en la planta de producción.</li>
<li><strong>Uso versátil:</strong> Disponible en configuraciones adaptables, el túnel puede insertarse en líneas manuales o automáticas, según las necesidades del proceso.</li>
<li><strong>Alto acabado:</strong> La luz LED UV promueve el curado de adentro hacia afuera, dando como resultado superficies más uniformes y resistentes.</li>
<li>Mayor espesor de pintura en comparación con los métodos de pintura tradicionales.</li>
<li>Proceso sustentable, eliminando el uso de disolventes y la emisión de COV’s.</li>
</ul>
<p>&nbsp;</p>
<p><strong>Variaciones y personalizaciones</strong></p>
<p>Dimensiones personalizadas para su negocio</p>
<p>&nbsp;</p>

<p>El túnel de curado LED UV proporciona una solución revolucionaria para los procesos de acabado y secado, garantizando velocidad y alta eficiencia energética.</p>
